 y(x) = 2329*x - 9315. Let c be y(4). What is the highest common divisor of c and u?
1
Let i = 10956 + -10677. Calculate the greatest common factor of i and 2542.
31
Let r(x) = x**2 + x - 3. Let p be r(-3). Let i(g) = -14*g + 316. Let u be i(-19). Let h = u - 580. Calculate the greatest common factor of h and p.
1
Let b(j) = 8*j**2 + 15. Let r be b(0). Suppose 6*l - 3*l - 15 = 0. Calculate the greatest common factor of l and r.
5
Suppose 3*h + 4*a - 75 = -20, 5*h - 2*a = 57. Let t(r) = -141*r - 7. Let u be t(-3). What is the greatest common divisor of h and u?
13
Suppose 7*l = 4*l + 255. Let b be (-45)/270 + (633/18 - 1). Calculate the highest common divisor of b and l.
17
Suppose 229*a + 153 + 221 = 246*a. Calculate the highest common divisor of 1727 and a.
11
Suppose -65*k = -66*k + 2. Suppose 136 = 2*t - 2*i, -3*t + 310 = k*t + 5*i. Calculate the highest common factor of 520 and t.
65
Let l = -172 - -166. Let d be (l + 5)/(-2 - (-87)/45). Let w = -35 + 41. Calculate the highest common divisor of w and d.
3
Let i(n) = 24*n - 48. Let j be i(2). Suppose 3*v = 5*q - j*q + 1227, 3 = q. Calculate the greatest common divisor of v and 46.
46
Let o(u) = -769*u + 1873. Let f be o(2). What is the greatest common divisor of f and 6901?
67
Let z(b) = 82*b**2 + 37*b - 275. Let q be z(6). Calculate the greatest common divisor of 169 and q.
13
Suppose 0 = -4*t + 4*k + 432, 0 = 3*t - 4*k - 22 - 296. What is the highest common divisor of 57 and t?
57
Suppose 14*p - 16*p = -4. Suppose -2*x = 53*a - 52*a - 72, -5*a = p*x - 392. What is the greatest common divisor of a and 5?
5
Let y(f) = 6*f - 7*f + 5*f + 7 + 4*f + 9*f**2 + 3*f**2. Let w be y(-2). Suppose 0 = -5*m + 271 - 76. Calculate the greatest common divisor of m and w.
39
Let o(g) = -g**2 + 36*g + 448. Let d be o(0). Suppose -5*k + 33 = b, 5*k + 23 = -2*b + 84. Calculate the greatest common factor of d and b.
28
Let g be (-2)/4*(-1 - 127). Suppose 0 = -14*o + 4054 + 7001 - 6127. Calculate the greatest common factor of o and g.
32
Let k(t) = 64*t**3 + 18*t**2 - 9*t + 41. Let w be k(5). What is the highest common divisor of w and 412?
206
Let a be 17/1 + -4 + (2 - 2). Suppose -477 + 1192 = a*g. What is the greatest common factor of 22 and g?
11
Let p(g) = -5*g**3 - 9*g**2 + 2*g + 19. Let d be (-7 + 1)*(-14)/(-21). Let j be p(d). Calculate the greatest common factor of 34 and j.
17
Suppose 132 = 5*a - 348. Let s be (-1)/(29/(-1392)) - -12. Calculate the greatest common divisor of a and s.
12
Let g(s) = 17*s**2 + 77*s + 9. Let n be g(-5). Suppose 45*b - n*b = -792. What is the greatest common factor of 45 and b?
9
Let h(f) = 35*f**3 + 2*f**2 + 6*f - 7. Suppose 5*t - 20 = -15*t. Let m be h(t). Suppose 0 = -4*g + 34 + 38. Calculate the highest common divisor of g and m.
18
Let w = -702 + 703. Let j be (-45)/(-18)*-2 - (w - 762). Calculate the highest common divisor of 28 and j.
28
Suppose 0 = -7*i + 4*o + 2225, 4*o - 1286 = -3*i - 361. Calculate the highest common divisor of i and 2898.
63
Let o(t) = 50*t + 4422. Let g be o(-17). What is the greatest common factor of 342 and g?
38
Let n be ((-36)/21)/(1676/168 - 10). Calculate the greatest common factor of n and 192.
24
Let i(s) = -17 - 112*s**2 + s**3 - 13*s + 104*s**2 + 1. Let z be i(10). Let k be (-392)/(-18) + 12/z. Calculate the highest common divisor of 2 and k.
2
Let n = 1454 + -932. Calculate the greatest common divisor of 290 and n.
58
Suppose 60663 - 60981 = -3*k. Calculate the greatest common divisor of 14734 and k.
106
Let w = 291 - 245. Suppose 342 = 52*y - w*y. What is the greatest common factor of y and 19?
19
Let n = -6642 + 6595. Suppose -d + 0*d + 65 = 0. Let h = n + d. Calculate the greatest common divisor of 27 and h.
9
Suppose 116*g = 119*g - 7758. Calculate the greatest common factor of g and 6.
6
Let n = -6236 + 12800. Calculate the highest common divisor of n and 12.
12
Let p(v) = -1587*v - 7820. Let q be p(-5). What is the highest common factor of 4209 and q?
23
Let u = -18 - -11. Let o be -5 - u - 1*(-3 - -1). Suppose 0 = 7*n - o*n - 735. Calculate the highest common factor of 49 and n.
49
Suppose 2*x - 112 = -d, -29*d + 33*d - x = 430. What is the greatest common divisor of 984 and d?
12
Let h = -22 + 110. Let f = -46 + h. What is the highest common divisor of f and 63?
21
Let k be ((-21)/(-28))/(1/(-84)). Let m = k - -105. Suppose -8*f + 18 = -5*f. What is the highest common divisor of f and m?
6
Let u be (118 - 116)/((7/(-6))/(-7)). Let l be (38/(-6))/((-2)/72). Calculate the highest common factor of l and u.
12
Let j be 2 - ((-352)/10)/(76/(-190)). Let q = 118 + j. Calculate the greatest common factor of 800 and q.
32
Let b = 16327 + -16087. Calculate the greatest common divisor of 12560 and b.
80
Let f be 6/(126/75) - 4/7. Suppose 3*n = -s + f, 7*n = -3*s + 9*n + 9. What is the highest common divisor of 3 and s?
3
Suppose 0 = -5*x - 249 + 254. Calculate the highest common divisor of 347 and x.
1
Suppose -3*s - 11 + 197 = 0. Suppose -14 = 4*v + 5*j - 92, 3*v + 2*j - s = 0. Calculate the greatest common divisor of 187 and v.
11
Suppose 0 = f + n - 3, -2*f - 5 = 3*n - 11. Let x be 0/(-3 + 2/2). Let l = x + 21. Calculate the highest common divisor of f and l.
3
Let r be (-2)/11 - (-356)/22. Let u be ((-30)/(-24))/(1/r). Let i be (42/(-35))/(-1 + (-141)/(-150)). Calculate the greatest common factor of i and u.
20
Let v(x) = -x - 12. Let h be v(-15). Suppose p + 14 = 2*o, -h*o = -5*p - 33 + 12. Suppose c - 31 - o = 0. Calculate the greatest common factor of c and 342.
38
Let r(a) = -a**3 - 4*a**2 - 9*a - 19. Let o be r(-7). Let c = o - 189. Calculate the greatest common divisor of c and 32.
2
Let b(a) = 3*a**2 - 87*a + 1071. Let n be b(27). Calculate the highest common divisor of n and 1515.
303
Let a be ((-12)/(-2))/(21/(-14)). Let v be a/(-4)*(4 + 1). Suppose v + 49 = 2*y. What is the highest common divisor of 297 and y?
27
Suppose -3*m - 39 = u, 13 = -3*u - 3*m - 92. Let k = u + 43. Let x be ((-200)/24 + 8)*30*-1. Calculate the highest common factor of k and x.
10
Let n be ((-3)/(-6))/((-20)/(-33000)*11). Calculate the greatest common divisor of n and 1775.
25
Suppose 0 = b - 48 + 7. Let q(s) = 6*s - 229. Let g be q(b). Calculate the greatest common divisor of 629 and g.
17
Let b = 16314 + -15279. Calculate the highest common factor of b and 920.
115
Let v(z) = -2*z**2 + 181*z + 27. Let h be v(26). What is the highest common divisor of h and 28?
7
Suppose 4*k - 76008 = -3*h, 4*h + 917*k = 912*k + 101346. What is the greatest common divisor of 96 and h?
96
Let k = -140 - -270. Suppose 12*v - k = 10*v. Suppose 0 = 3*i + 8 - v. Calculate the highest common divisor of 152 and i.
19
Let l(v) = 28*v - 4. Let n be l(-3). Suppose -291 - 941 = -7*x. Let k = n + x. Calculate the highest common factor of k and 8.
8
Let j(f) = -3*f**2 + 125*f - 779. Let a be j(8). What is the greatest common factor of 6931 and a?
29
Suppose 9*i = 4*i + 1430. Suppose -44 = -287*k + i*k. Calculate the greatest common factor of k and 22.
22
Let s = 3902 - 3557. What is the highest common divisor of s and 120?
15
Let h(p) = 75*p - 364. Let b be h(5). Suppose 13*y + 9 = 14*y. Let j = y - -2. Calculate the highest common factor of b and j.
11
Suppose 5*u + 82 = -188. Let c = -44 - u. What is the highest common divisor of c and 90?
10
Suppose -m = 1, -z + 35*m + 438 = 37*m. What is the greatest common factor of 1672 and z?
88
Let k(z) = -z**3 - 74*z**2 - 282*z + 9. Let g be k(-4). Let o = -56 + 141. What is the greatest common factor of g and o?
17
Let k = -10596 + 10598. What is the highest common divisor of k and 1366?
2
Let j be 4 - (1 - -2)/((-14)/((-60550)/(-15))). Calculate the highest common divisor of 79 and j.
79
Let d(i) = i**3 + 43*i**2 + 26*i - 222. Let o be d(-42). What is the greatest common divisor of o and 495?
45
Suppose -2*u = 8, -11 = -6*o + o - u. Suppose -2*s + 99 = t, -t + 91 - 232 = -o*s. Calculate the greatest common divisor of 64 and s.
16
Let z(k) = -k**3 + 9*k**2 + 12*k - 13. Let i be z(10). Let y(r) = 2*r**3 + 30*r**2 - 8*r - 92. Let u be y(-15). What is the greatest common divisor of u and i?
7
Let w = 556 + -551. Let q be 33 + ((-3)/w - 6/(-10)). Calculate the greatest common factor of 176 and q.
11
Let t(q) = -q**3 + 12*q**2 + 13*q 